**2 + 10*s + 14. Determine m(i).
3
Let p(d) = d**2 + 3*d - 2. Let c = -19 - -17. Let v be ((-1)/c)/((-7)/42). Determine p(v).
-2
Let c(s) be the third derivative of -s**4/24 + s**3/3 - 2*s**2 - 33*s. What is c(14)?
-12
Suppose 3*c = -5*d + 7*c + 8, 3*d - 3*c = 6. Let l be (3 - 3) + (1 - d). Let q(i) = 7*i. Give q(l).
7
Let f(r) = 3*r**2 - 4*r - 13. Let s(w) be the second derivative of w**4/6 - 5*w**3/6 - 6*w**2 - 3*w. Let d(j) = 3*f(j) - 4*s(j). Determine d(-6).
-3
Suppose 2*z = -2*z - 2*d - 26, -4*z + d - 23 = 0. Let x be (1 + 0)*z/(-2). Let q(w) = -3*w**2 + 1 - 3 + w + w + 2*w**2. Calculate q(x).
-5
Let u(q) = 7*q**2 + 1. Suppose -10 = -3*o - 13. Give u(o).
8
Let w(h) = h**2 + 20*h + 85. Let o be w(-6). Let n(z) = 11*z - 7. Let x(s) = 5 - 2 - 2. Let m(c) = -n(c) - 6*x(c). What is m(o)?
-10
Let q be 196/70*(-50)/35. Let y(m) be the second derivative of m**3/3 - 3*m**2/2 - 2*m. Calculate y(q).
-11
Let b = -307 + 309. Let g(k) = k**2 + 1. Calculate g(b).
5
Let a(b) = -19*b**3 + b**2. Let w = -159 - -158. Calculate a(w).
20
Suppose -3*y + 10 = 5*l, -y + 3 - 13 = -5*l. Let b(i) be the first derivative of 1/2*i**l - i + 2. Calculate b(4).
3
Let d = 80 - 92. Let a(s) = s**2 + 14*s + 13. Determine a(d).
-11
Suppose -2*z - 4*t + 5*t - 4 = 0, 0 = 3*z - t + 4. Let h(v) be the first derivative of 3 + 10*v + 1/2*v**2 + 1/3*v**3. Determine h(z).
10
Let c(v) = -v + 1. Suppose -o = 3, 57 = 3*a - 2*o - 3*o. Suppose 0 = 3*k - a + 2. Suppose -k = h - 4*m - 1, 0 = -3*m. Calculate c(h).
4
Let d = -3339 + 3345. Let c(z) = 0*z**3 + 6*z + 4*z**2 + z**2 - z**3. What is c(d)?
0
Let d(i) be the third derivative of i**6/120 - i**5/30 - 5*i**4/24 + 2*i**3/3 + 186*i**2. Give d(3).
-2
Let o(c) = -5*c**3 - c**2 + c - 1. Suppose -5*k + 26 - 96 = 0. Let q be -1 - k/8 - 1/(-4). Give o(q).
-6
Let c(y) be the first derivative of -y**2/2 + 32*y - 68. Give c(0).
32
Let y(r) = r + 22. Suppose 22*t = -372 + 570. Calculate y(t).
31
Let v(z) = z**2 + 6*z + 11. Let t be v(-5). Let w(l) = l - 13*l + 5 - t. Calculate w(-1).
11
Suppose -6*v + 60 = -0*v. Suppose 5*o - v*o = -30. Suppose -2*n + o = -n. Let s(g) = g**3 - 6*g**2 - 2. Give s(n).
-2
Let i be -4 + (-1)/((-4)/32). Let r(n) = -i + 2 + n + 8. Suppose -4*y - 5*x - 5 = 0, -4*y + 5*x - 4 + 49 = 0. Calculate r(y).
11
Let n(v) = -v**2 + 5*v - 2. Let s(b) be the first derivative of b**3/3 - 5*b**2/2 + b + 16. Let h(p) = -4*n(p) - 5*s(p). Give h(5).
3
Let o(c) be the third derivative of 0 + 0*c**3 - 1/10*c**5 - 27*c**2 + 0*c**4 + 0*c. Suppose 5*f - 3*x = -14, f + 2*x = -0*x + 5. Calculate o(f).
-6
Let t(n) = 8*n - 2*n**3 + 132 + 3*n**3 + 9*n**2 + 4*n - 144 - 2*n**3. Give t(10).
8
Let c(z) be the second derivative of -z**5/20 + z**4/12 - z**2 - 670*z. Let h be (-2)/(-2) - 1 - -2. Give c(h).
-6
Let t(i) = -i**2 - i - 7. Suppose 8 = 52*r - 50*r. Let x(q) = q**2 + q + 8. Let d(v) = r*t(v) + 3*x(v). What is d(-4)?
-16
Let q(j) = -30*j - 13. Let i(y) = -31*y - 16. Let t(o) = -5*i(o) + 6*q(o). Calculate t(-1).
27
Let y(v) be the second derivative of -v**5/20 + 7*v**4/12 - v**3/6 + 11*v**2/2 + 2*v + 53. Calculate y(7).
4
Let j = -105 + 102. Let t be (-1)/(-2)*4/2. Let m be t + (-3)/(j/4). Let l(n) = -n + 6. Calculate l(m).
1
Suppose 152*s = 164*s + 108. Let m(p) = p**2 + 10*p + 5. Determine m(s).
-4
Let j(w) be the second derivative of -2*w**2 + 15*w + 1/6*w**3 + 0. Determine j(-3).
-7
Let n(r) = r**2 + 2*r - 38. Let l = 1191 - 1185. What is n(l)?
10
Suppose 5*k - 6*k = 0. Let o(w) = 2*w**2 - w**2 - 2*w**2 + k*w**2 + 3. Determine o(3).
-6
Suppose 0 = 2*z + 2*o + 6, -5*z + o = 8 - 23. Let x(u) = -7*u**z - 5*u + 1 - u**3 - 2 + 0. Suppose 2*b = -3*a - 24, -3*a = -0*b + 3*b + 27. Calculate x(a).
-7
Let j = 254 - 249. Let t(i) = 3*i - 4. What is t(j)?
11
Suppose 8 = 4*w - 4*c, -2*w = 2*c - 5 - 3. Let z(h) = -2*h**3 + 2*h**2 + 3*h - 4. Calculate z(w).
-31
Suppose -4*c + 96 = -10*c. Let v(m) = -m. Give v(c).
16
Let s(a) = a**3 + 5*a**2 - 7*a - 5. Suppose 3*x = -4*c - 22, -3*c = 4*x + 2*c + 29. Let z be s(x). Suppose -2*b = 1 + z. Let m(i) = 8*i**2 - 2*i - 1. Give m(b).
9
Let c(g) = 66*g - 591. Let j be c(9). Let k(h) be the first derivative of -j*h**2 + h + 6 + 1/3*h**3. Calculate k(4).
-7
Suppose 1068 - 1080 = -4*a. Let h(w) = -w**3 + 6*w**2 - 5*w - 7. What is h(a)?
5
Let b(z) = -35*z**3 + 7*z**2 + 23*z + 24. Let k(f) = -22*f**3 + 5*f**2 + 15*f + 16. Let h(x) = -5*b(x) + 8*k(x). Give h(6).
2
Let z(d) = d - 9. Let u(g) = 4*g**3 - 4*g**2 + 3*g - 2. Let k be u(2). Suppose n + 2*n - l = k, 2*n - l - 12 = 0. Give z(n).
-1
Let a(i) = 47*i**3 - 27*i**3 - 26*i**3 - 4*i**2 - i + 5*i**2. Determine a(1).
-6
Let q(m) = -m + 4. Suppose c - 6*c = 0. Let u be q(c). Let p(t) be the first derivative of -t**2 + 6*t - 12. What is p(u)?
-2
Let z be (-1)/(((-2)/(-6))/(9/(-27))). Let c(x) = -12*x**2 - x. Give c(z).
-13
Let r = -31 - -31. Suppose 4 = y - z - r, 4*z = y - 10. Let q(u) = -u**3 - 5*u**y - 5 + 9 - 3 - 4*u. Determine q(-3).
-5
Let l be (36/(-27))/2*(-2 + -10). Let b(f) = -f**2 + 6*f + 9. Determine b(l).
-7
Let b(o) = -5*o**2 - o + 20. Let i(w) = 4*w**2 + w - 20. Let f = 8 + -14. Let q(z) = f*i(z) - 5*b(z). Calculate q(0).
20
Let q(m) = m**3 + 10*m**2 + 10*m + 10. Let u be q(-9). Suppose 3*z - 10 = -u. Let d(p) = z*p**2 + 0*p - 4*p**2 + 5*p + 9 - 1. Determine d(6).
2
Let w(x) be the first derivative of -x**4/4 + 7*x**3/3 + 7*x**2/2 + 7*x + 18. Determine w(8).
-1
Let j(x) = x**3 + 5*x**2 - 7. Let b be 11/22*1*-10. Calculate j(b).
-7
Suppose 5*o + d = 2*o - 5, 2*o = 4*d - 22. Let u(i) be the first derivative of -1 + 0*i**2 + 1/3*i**3 - 3*i. What is u(o)?
6
Let v(t) = 8*t**2 - 1. Let a be (((-36)/(-21))/(-6))/(4/(-14)). Give v(a).
7
Let h be (78/(-5))/(2/(-5)). Suppose -2*y + h - 33 = 0. Let p(b) be the third derivative of b**6/120 - b**5/15 + b**3/2 - 12*b**2. What is p(y)?
-6
Suppose 5*v = 2*v + 30. Let s be 4*5/5 - v. Let g(c) = -c - 1. What is g(s)?
5
Let h(p) = -3*p**2 - 5*p + 4. Let u = -2 + 4. Let l(g) = -g + 4. Let j be l(-7). Let c(b) = 16*b**2 + 26*b - 21. Let n(x) = j*h(x) + u*c(x). Calculate n(-4).
-2
Let c(d) = -7 - 5 + d + 4. What is c(4)?
-4
Let a(d) be the first derivative of d**4/4 + 2*d**3 + 3*d**2 + 5*d - 3. Let m(w) = -6*w**3 + w**2 - w + 1. Let k be m(1). What is a(k)?
0
Suppose -2 - 2 = -2*h. Let m(s) be the third derivative of s**6/240 - s**5/40 + s**4/12 - s**2. Let d(f) be the second derivative of m(f). What is d(h)?
3
Let c(j) = 7*j**2 + 12*j - 12. Let d(k) = 11*k**2 + 18*k - 21. Let x(t) = 8*c(t) - 5*d(t). Suppose -6 = -2*h + 3*h. What is x(h)?
9
Let n(u) = 3*u - 7. Suppose 5*b - 38 = -2*h, -2*h - h = -b + 11. Suppose -2 = 2*x - b. Let l be (x - (-2 - -4))*5. Calculate n(l).
8
Let r(n) be the second derivative of n**5/20 - 5*n**4/6 + n**3 - 670*n. What is r(4)?
-72
Let d(a) = -12*a - 65. Let u(h) = -13*h - 66. Let p(m) = 5*d(m) - 4*u(m). Calculate p(-7).
-5
Let i(o) be the third derivative of -o**5/120 + o**4/24 + o**3/6 - 2*o**2. Let c(b) be the first derivative of i(b). Let g = 27 - 31. Give c(g).
5
Let s(q) be the second derivative of -q**8/6720 - q**7/504 + q**6/180 - q**5/24 - q**4/4 + 25*q. Let y(f) be the third derivative of s(f). Calculate y(-6).
7
Let j(t) = 3*t**2 - 2*t**2 + 6 + 0*t**2 - 9*t. Let z(v) = -v**2 + 5*v - 5. Let c be z(2). Let r(d) = -d + 1. Let m(a) = c*j(a) - 4*r(a). What is m(5)?
2
Let i(d) be the second derivative of -d**3/6 - 6*d**2 - 99*d. Calculate i(10).
-22
Let h(g) be the first derivative of -g**4/4 - 3*g**3 + 11*g**2/2 - 7*g + 91. Give h(-10).
-17
Let d(l) be the first derivative of -l**3/3 + 6*l - 647. Determine d(-3).
-3
Let s(t) be the second derivative of -t**4/12 - 2*t**3/3 - t**2/2 + 2*t + 38. Give s(-4).
-1
Let u(h) be the second derivative of h**3/6 - 2*h. Let o = 1 + 1. Suppose 3*i - 1 - 18 = v, -3 = i + o*v. Give u(i).
5
Let g(x) be the second derivative of -x**3/3 + 5*x**2 + 135*x - 1. What is g(0)?
10
Let t = -288 + 295. Let a(y) = 3*y + 2. Give a(t).
23
Let s(n) = n + 13. Let c = -280 - -273. Determine s(c).
6
Let b(a) = -2*a. Let w(f) = -f**3 - 3*f**2 + 2*f + 2. Let k be w(-3). Let c = k + 7. Suppose -10 + 13 = c*g. What is b(g)?
-2
Let u(w) = w**2 - 6*w + 1. Let p(a) = 2*a + 7. Suppose 5*v + 13 + 17 = 0. Let z be p(v). Let r be (-3)/z*2*5. Give u(r).
1
Let v(y) = -y**3 - 5*y**2 + 5*y - 2